0417.
3, 619
List the prime factors of 291372.
2, 3, 24281
What are the prime factors of 8734569?
3, 2911523
List the prime factors of 45365.
5, 43, 211
What are the prime factors of 14523?
3, 47, 103
What are the prime factors of 1300340?
2, 5, 79, 823
What are the prime factors of 1211095?
5, 43, 131
List the prime factors of 2057316.
2, 3, 173, 991
List the prime factors of 6114441.
3, 17, 119891
List the prime factors of 82208.
2, 7, 367
List the prime factors of 6140248.
2, 59, 13009
List the prime factors of 125178.
2, 3, 31, 673
What are the prime factors of 384605?
5, 13, 61, 97
What are the prime factors of 86888?
2, 10861
What are the prime factors of 11068045?
5, 2213609
What are the prime factors of 7707?
3, 7, 367
List the prime factors of 1177156.
2, 294289
What are the prime factors of 971383?
7, 151, 919
What are the prime factors of 5632639?
5632639
List the prime factors of 9980509.
7, 11, 227, 571
List the prime factors of 17366552.
2, 7, 310117
What are the prime factors of 541372?
2, 13, 29, 359
List the prime factors of 12095638.
2, 47, 128677
What are the prime factors of 90825?
3, 5, 7, 173
What are the prime factors of 129857?
7, 13, 1427
List the prime factors of 187778.
2, 93889
What are the prime factors of 147358?
2, 73679
List the prime factors of 158467.
107, 1481
What are the prime factors of 468116?
2, 11, 10639
List the prime factors of 393775.
5, 19, 829
List the prime factors of 14623632.
2, 3, 33851
List the prime factors of 3521863.
167, 21089
What are the prime factors of 398956?
2, 17, 5867
What are the prime factors of 1391577?
3, 11, 42169
What are the prime factors of 11809728?
2, 3, 7, 29, 101
What are the prime factors of 3152110?
2, 5, 13, 24247
What are the prime factors of 8741951?
8741951
List the prime factors of 915085.
5, 397, 461
List the prime factors of 95595.
3, 5, 6373
What are the prime factors of 3964747?
167, 23741
List the prime factors of 449453.
127, 3539
What are the prime factors of 3985150?
2, 5, 13, 6131
What are the prime factors of 107402?
2, 83, 647
What are the prime factors of 2716892?
2, 679223
What are the prime factors of 2025254?
2, 7, 11, 13151
What are the prime factors of 8570878?
2, 89, 179, 269
List the prime factors of 7119001.
2281, 3121
What are the prime factors of 1293164?
2, 151, 2141
What are the prime factors of 95787?
3, 29, 367
What are the prime factors of 10587619?
7, 1512517
What are the prime factors of 5744?
2, 359
What are the prime factors of 202655?
5, 40531
List the prime factors of 1124119.
1124119
List the prime factors of 5533813.
457, 12109
List the prime factors of 170125.
5, 1361
What are the prime factors of 148029?
3, 7, 19, 53
What are the prime factors of 11016308?
2, 883, 3119
What are the prime factors of 157167?
3, 5821
List the prime factors of 697833.
3, 17, 4561
List the prime factors of 1613013.
3, 23, 97, 241
What are the prime factors of 34265978?
2, 211, 81199
List the prime factors of 291020.
2, 5, 14551
What are the prime factors of 15685027?
29, 540863
List the prime factors of 508619.
508619
List the prime factors of 61074.
2, 3, 13, 29
What are the prime factors of 30803017?
7, 29, 53, 409
What are the prime factors of 214883?
214883
What are the prime factors of 2500386?
2, 3, 7, 37, 1609
What are the prime factors of 169935?
3, 5, 11329
List the prime factors of 4528493.
23, 401, 491
What are the prime factors of 1719402?
2, 3, 509, 563
What are the prime factors of 145684?
2, 7, 11, 43
What are the prime factors of 72186?
2, 3, 53, 227
List the prime factors of 525957.
3, 199, 881
What are the prime factors of 37526?
2, 29, 647
List the prime factors of 3034137.
3, 23, 43973
List the prime factors of 50274.
2, 3, 7, 19
What are the prime factors of 7230813?
3, 2410271
What are the prime factors of 2136116?
2, 534029
List the prime factors of 1193795.
5, 238759
What are the prime factors of 54221?
59, 919
List the prime factors of 15175594.
2, 7, 17, 9109
What are the prime factors of 2815894?
2, 1061, 1327
List the prime factors of 3488621.
17, 205213
List the prime factors of 21903193.
13, 1684861
List the prime factors of 16461872.
2, 7, 103, 1427
List the prime factors of 952787.
11, 37, 2341
What are the prime factors of 212368?
2, 13, 1021
What are the prime factors of 140869?
140869
What are the prime factors of 751054?
2, 375527
List the prime factors of 745898.
2, 461, 809
What are the prime factors of 1165058?
2, 197, 2957
What are the prime factors of 247652?
2, 101, 613
List the prime factors of 116355.
3, 5, 7757
What are the prime factors of 411186?
2, 3, 68531
What are the prime factors of 1096300?
2, 5, 19, 577
List the prime factors of 803655.
3, 5, 5953
List the prime factors of 450323.
401, 1123
What are the prime factors of 181978?
2, 90989
What are the prime factors of 152649?
3, 7, 2423
What are the prime factors of 12498364?
2, 449, 6959
What are the prime factors of 13905399?
3, 107, 43319
List the prime factors of 17238.
2, 3, 13, 17
List the prime factors of 2786882.
2, 7, 19, 10477
What are the prime factors of 4284517?
421, 10177
List the prime factors of 196797.
3, 65599
What are the prime factors of 138007?
138007
List the prime factors of 4960448.
2, 179, 433
What are the prime factors of 2098813?
2098813
What are the prime factors of 39220970?
2, 5, 283, 13859
List the prime factors of 25273943.
251, 100693
What are the prime factors of 30100751?
30100751
What are the prime factors of 17885962?
2, 8942981
List the prime factors of 4184769.
3, 19, 73417
List the prime factors of 219858.
2, 3, 36643
List the prime factors of 2209626.
2, 3, 17, 29, 83
What are the prime factors of 1682641?
337, 4993
What are the prime factors of 1710723?
3, 7, 81463
List the prime factors of 821664.
2, 3, 317
What are the prime factors of 1580890?
2, 5, 149, 1061
List the prime factors of 237333.
3, 79111
What are the prime factors of 563624?
2, 47, 1499
List the prime factors of 1631979.
3, 43, 4217
List the prime factors of 103112.
2, 12889
What are the prime factors of 57222?
2, 3, 11, 17
What are the prime factors of 246900?
2, 3, 5, 823
List the prime factors of 231327.
3, 25703
List the prime factors of 681318.
2, 3, 11, 31, 37
What are the prime factors of 13131706?
2, 7, 47, 2851
List the prime factors of 556633.
7, 11, 7229
What are the prime factors of 2084155?
5, 523, 797
What are the prime factors of 71685?
3, 5, 59
List the prime factors of 650895.
3, 5, 7, 6199
What are the prime factors of 1914939?
3, 13, 1259
What are the prime factors of 2714357?
37, 73361
List the prime factors of 13466203.
13466203
What are the prime factors of 1687158?
2, 3, 11, 8521
List the prime factors of 18967413.
3, 89, 71039
What are the prime factors of 1673264?
2, 104579
List the prime factors of 178297.
7, 25471
List the prime factors of 31578750.
2, 3, 5, 7, 401
What are the prime factors of 22668387?
3, 7, 19, 56813
What are the prime factors of 1622100?
2, 3, 5, 5407
What are the prime factors of 8245179?
3, 305377
List the prime factors of 1521498.
2, 3, 11, 23053
List the prime factors of 2776535.
5, 555307
List the prime factors of 4293164.
2, 19, 56489
List the prime factors of 89935.
5, 17987
List the prime factors of 3056521.
13, 235117
What are the prime factors of 641909?
641909
List the prime factors of 71627.
41, 1747
List the prime factors of 2864886.
2, 3, 691
List the prime factors of 6184546.
2, 61, 163, 311
What are the prime factors of 314802?
2, 3, 17489
What are the prime factors of 8050954?
2, 239, 16843
List the prime factors of 15633140.
2, 5, 47, 16631
List the prime factors of 6088879.
6088879
List the prime factors of 1378968.
2, 3, 57457
List the prime factors of 168288.
2, 3, 1753
What are the prime factors of 202265?
5, 7, 5779
List the prime factors of 4316339.
47, 91837
List the prime factors of 14971984.
2, 653, 1433
List the prime factors of 397316.
2, 71, 1399
What are the prime factors of 543997?
543997
List the prime factors of 6814780.
2, 5, 7, 48677
What are the prime factors of 576261?
3, 7, 3049
List the prime factors of 333048.
2, 3, 13877
What are the prime factors of 170850?
2, 3, 5, 17, 67
What are the prime factors of 173987?
11, 15817
What are the prime factor